ive z(-7).
15
Let i(x) = 5*x**3 - 22*x**2 - 15*x + 6. Give i(5).
6
Let w(k) = 64*k + 1672. Give w(-26).
8
Let h(n) = -2*n**3 + 4*n**2 - 5*n - 11. What is h(4)?
-95
Let x(i) = -2*i**2 - 158*i + 1206. Give x(7).
2
Let b(v) = -12*v - 50. Give b(-10).
70
Let t(u) = u**3 - 43*u**2 + 75*u - 1551. Calculate t(42).
-165
Let w(y) = y**3 + 25*y**2 - 120*y - 115. What is w(-29)?
1
Let m(b) = -2*b**2 - 97*b + 965. Determine m(-57).
-4
Let t(j) = 7833*j - 70512. Determine t(9).
-15
Let r(c) = -c**2 - 362*c - 10871. Calculate r(-33).
-14
Let t(c) = c**2 + 27*c + 180. Calculate t(-20).
40
Let q(u) = u**3 - 5*u**2 - 50*u + 256. Determine q(5).
6
Let t(x) = 39*x + 240. What is t(-8)?
-72
Let i(v) = -297*v**2 - 5051*v - 33. What is i(-17)?
1
Let h(u) = 19*u - 239. Calculate h(14).
27
Let t(c) = 1754*c - 3523. Give t(2).
-15
Let u(s) = -s**3 + 108*s**2 - 140*s + 3495. Calculate u(107).
-36
Let g(o) = -2*o**3 - 78*o**2 + 249*o - 119. Calculate g(-42).
7
Let h(a) = -a**3 + 83*a**2 + 263*a - 168. Calculate h(86).
262
Let p(q) = 8*q - 229. Determine p(23).
-45
Let k(u) = 35*u + 6737. Determine k(-195).
-88
Let k(f) = -4*f**3 - 68*f**2 - 4*f - 65. Determine k(-17).
3
Let i(b) = -b**3 + 4*b**2 + 8*b - 31. Give i(6).
-55
Let s(l) = -102*l + 1312. Calculate s(13).
-14
Let j(w) = w**3 - 19*w**2 + 34*w - 34. What is j(17)?
-34
Let i(r) = -243*r + 19450. What is i(80)?
10
Let o(z) = -3*z**2 - 15*z. Give o(-10).
-150
Let l(b) = 11*b**2 - 525*b - 80. Calculate l(48).
64
Let p(m) = -6*m**3 + 1014*m**2 - 21*m + 3543. Determine p(169).
-6
Let d(j) = j**3 + 6*j**2 - 14*j - 8. What is d(3)?
31
Let p(g) = g**2 + 18*g - 62. Determine p(-18).
-62
Let a(x) = -14*x + 2. Calculate a(-4).
58
Let v(y) = -4*y**3 + 80*y**2 - 7*y + 152. Calculate v(20).
12
Let o(t) = 3*t**2 + 649*t - 1300. Determine o(2).
10
Let h(c) = c**3 - 171*c**2 - 358*c + 2031. Determine h(173).
-45
Let c(q) = -q**2 - 69*q + 1303. Determine c(15).
43
Let a(f) = f**3 - 5*f**2 - 8*f + 27. Calculate a(2).
-1
Let p(w) = -529*w - 7443. Calculate p(-14).
-37
Let n(x) = 9*x + 194. Determine n(-37).
-139
Let w(l) = -3*l**2 - l - 2. What is w(4)?
-54
Let r(y) = -57*y - 19. Give r(-1).
38
Let x(h) = -10*h**2 - 68*h + 1419. Give x(9).
-3
Let p(w) = -6*w**2 + 40*w - 47. Calculate p(1).
-13
Let n(t) = 4*t**3 - 326*t**2 - 494*t - 324. Give n(83).
8
Let s(q) = -2*q**3 - 37*q**2 - 66*q - 117. Calculate s(-17).
138
Let z(s) = s**3 - 20*s**2 - 27*s - 10. Calculate z(21).
-136
Let u(m) = -m**3 + 3*m**2 - 9*m - 13. Give u(3).
-40
Let q(p) = -50*p + 283. What is q(5)?
33
Let k(a) = -20*a**2 + 183*a - 183. What is k(1)?
-20
Let h(u) = 305*u - 4244. What is h(14)?
26
Let u(l) = 2*l**2 - 288*l + 8687. Determine u(43).
1
Let j(d) = -d**2 - 720*d - 5696. Calculate j(-8).
0
Let m(c) = 10*c**2 - 33*c + 11. Determine m(5).
96
Let o(n) = n**3 - 13*n**2 - 72*n + 142. Calculate o(17).
74
Let m(l) = l**2 - 51*l + 253. Determine m(46).
23
Let j(i) = -117*i - 4101. Determine j(-35).
-6
Let f(m) = -16*m**2 + 2*m + 7. Determine f(-3).
-143
Let x(d) = d**2 + 170*d - 2379. What is x(13)?
0
Let r(v) = -v**2 - 48*v + 73. Give r(12).
-647
Let r(s) = s**3 - 17*s**2 + 64*s - 26. What is r(11)?
-48
Let k(s) = 35*s**2 - 689*s - 1380. Determine k(-2).
138
Let t(b) = b**3 + 25*b**2 - 265*b + 20. Give t(8).
12
Let g(z) = 38*z**3 + 2*z**2 - 2*z - 2. Give g(-1).
-36
Let g(l) = l**2 + 84*l - 1363. Calculate g(17).
354
Let p(w) = w**3 - 10*w**2 - 3*w + 94. Calculate p(6).
-68
Let a(n) = 9*n**3 - 91*n**2 + 13*n - 40. What is a(10)?
-10
Let w(a) = -a**3 + 33*a**2 - 31*a + 79. Calculate w(32).
111
Let n(j) = j**3 + 10*j**2 + 14*j + 35. Calculate n(-4).
75
Let c(u) = -u**2 - 24*u - 70. Determine c(-4).
10
Let u(n) = 140*n + 19. Determine u(-1).
-121
Let v(d) = -797*d + 2403. Calculate v(3).
12
Let d(q) = -38*q - 746. Calculate d(-29).
356
Let o(n) = 10*n + 170. What is o(-17)?
0
Let i(r) = -r**3 + 5*r**2 + 10*r + 7. Determine i(-2).
15
Let t(m) = 82*m - 538. Give t(6).
-46
Let s(b) = -4*b**3 - 12*b**2 - 19*b - 22. Give s(-4).
118
Let g(p) = -239*p + 349. Calculate g(2).
-129
Let i(g) = g**3 + 13*g**2 - 54*g + 1125. Calculate i(-19).
-15
Let i(m) = m**3 + 25*m**2 - 257*m - 159. Determine i(8).
-103
Let y(o) = 42*o - 937. Calculate y(22).
-13
Let n(h) = 2*h**3 - 11*h**2 + 20*h + 23. What is n(6)?
179
Let q(r) = -2*r**2 - 18*r + 139. Determine q(9).
-185
Let y(s) = -2*s**3 + 62*s**2 + 4*s - 147. What is y(31)?
-23
Let s(d) = -3*d**3 + 87*d**2 - 2*d + 27. Determine s(29).
-31
Let j(x) = 12*x + 6. Give j(0).
6
Let f(z) = 70*z - 717. Determine f(10).
-17
Let n(k) = 33*k**3 - 7*k**2 - 9*k - 3. Calculate n(-1).
-34
Let r(z) = z**3 - 138*z**2 - 130*z - 1248. Give r(139).
3
Let j(x) = -45*x + 657. What is j(24)?
-423
Let w(s) = 8*s**3 + 469*s**2 - 176*s + 58. Determine w(-59).
-1
Let x(h) = h**2 + 14*h + 49. What is x(-7)?
0
Let x(q) = -17*q - 199. Determine x(-18).
107
Let m(c) = 2*c**2 - 212*c + 616. What is m(103)?
-2
Let p(v) = v**2 + 8*v - 887. Give p(21).
-278
Let r(j) = -j**3 - 22*j**2 - 29*j - 119. Determine r(-21).
49
Let n(l) = 130*l + 409. Calculate n(-1).
279
Let r(z) = -z**3 + 16*z**2 + 294*z + 86. Determine r(27).
5
Let i(x) = 8*x + 13. What is i(-13)?
-91
Let s(t) = 2*t**2 + 23*t - 575. What is s(12)?
-11
Let t(v) = -1607*v + 8041. Give t(5).
6
Let q(f) = -53*f**2 + 192*f - 4. What is q(4)?
-84
Let r(y) = 4*y**2 + 4*y - 295. Determine r(0).
-295
Let r(q) = q**2 - 24*q + 199. Calculate r(13).
56
Let b(i) = i**3 + 5*i**2 + 3*i + 41. Calculate b(-4).
45
Let r(g) = 433*g - 2202. Determine r(5).
-37
Let h(g) = 8454*g + 18. What is h(0)?
18
Let g(l) = -52*l + 5306. Determine g(102).
2
Let u(a) = -209*a - 692. Calculate u(-4).
144
Let t(o) = -1855*o + 12989. What is t(7)?
4
Let z(d) = -15*d**3 + 26*d**2 + 12*d - 3. What is z(2)?
5
Let l(m) = 96*m - 17179. What is l(179)?
5
Let i(y) = 2591*y - 13026. Give i(5).
-71
Let c(f) = -f**2 - 73*f - 677. Give c(-10).
-47
Let g(c) = -4*c + 89. Determine g(22).
1
Let n(g) = -2*g**3 + g**2 + 48*g. What is n(5)?
15
Let f(r) = 1099*r + 1046. Calculate f(-1).
-53
Let i(q) = 2*q**3 + 105*q**2 - 7397*q - 118. Give i(40).
2
Let b(j) = -j**3 - 4*j**2 - 49*j - 201. What is b(-5)?
69
Let q(z) = 16*z**2 + 16*z - 16. Calculate q(-3).
80
Let b(n) = -4*n**2 + 230*n - 1318. What is b(6)?
-82
Let y(o) = 3*o**3 + 64*o**2 - 56*o - 181. Calculate y(-22).
83
Let o(v) = -88*v - 305. Give o(-4).
47
Let u(a) = -118*a + 20. What is u(4)?
-452
Let z(h) = 135*h - 2099. What is z(16)?
61
Let u(n) = -n**3 - 25*n**2 + 7*n + 176. Calculate u(-25).
1
Let n(t) = t**3 - 8*t**2 + 23*t + 359. Calculate n(0).
359
Let n(w) = -w**2 + 34*w + 3394. Calculate n(-44).
-38
Let a(x) = -2*x**2 - 87*x - 122. Calculate a(-42).
4
Let a(p) = -5*p**2 + 49*p + 573. Give a(-7).
-15
Let f(b) = b**3 - 50*b**2 - 527*b - 357. Calculate f(59).
-121
Let f(z) = 19*z**2 - 201*z + 268. What is f(9)?
-2
Let n(x) = x**2 + 25*x - 654. What is n(-41)?
2
Let u(g) = 3*g + 32. What is u(-20)?
-28
Let d(k) = 20*k**2 - 1061*k + 49. What is d(53)?
-4
Let x(g) = -9791*g - 176239. Determine x(-18).
-1
Let z(q) = -8*q - 312. What is z(-48)?
72
Let k(t) = 4*t**3 + 112*t**2 + 685*t + 16. Determine k(-9).
7
Let p(z) = -z**2 + 84*z + 2936. What is p(112)?
-200
Let w(m) = 60*m - 313. Calculate w(5).
-13
Let v(z) = 9*z + 363. Calculate v(-41).
-6
Let j(z) = -70*z + 226. Determine j(8).
-334
Let r(m) = -6*m + 221. Calculate r(36).
5
Let c(d) = -22*d**2 - 2707*d - 110. What is c(-123)?
13
Let b(f) = -f**2 - 193*f - 6009. Determine b(-39).
-3
Let r(l) = -103*l - 30. Calculate r(-1).
73
Let j(p) = -12*p**2 - 248*p + 62. What is j(-21)?
-22
Let y(c) = -2*c**3 + 89*c**2 - 59*c + 1041. Determine y(44).
381
Let x(t) = -23*t**2 - 3*t - 4. Determine x(-1).
-24
Let u(k) = 22*k + 489. What is u(-22)?
5
Let n(x) = 4*x**3 - 27*x**2 + 2*x + 73. What is n(6)?
-23
Let l(o) = -o**3 + 24*o**2 + 45*o - 41. Give l(26).
-223
Let t(p) = 2*p**2 + 30*p + 111. Give t(-10).
11
Let f(l) = l**3 - 51*l**2 + 2*l + 18. Determine f(51).
120
Let y(t) = -61*t - 174. Determine y(-5).
131
Let v(h) = 13*h**3 + 287*h**2 + 1568*h - 48. Calculate v(-12).
0
Let v(m) = -1139*m + 5659. What is v(5)?
-36
Let n(i) = 15*i + 1174. Determine n(-79).
-11
Let z(q) = -q**3 - 9*q**2 + 18*q + 212. What is z(-8)?
4
Let c(k) = 234*k**2 + 12*k + 14. Determine c(-1).
